multiple of 3353?
True
Does 36 divide 528811020?
True
Is 104229984 a multiple of 876?
True
Is 3913 a factor of 291150678?
True
Is 5393889 even?
False
Is 865 a factor of 273109910?
True
Is 84803778 a multiple of 666?
True
Is 56 a factor of 874882281?
False
Is 2502 a factor of 962870471?
False
Does 2 divide 30072345?
False
Does 842 divide 645558032?
True
Does 22 divide 5630582?
False
Does 1310 divide 1066307884?
False
Is 2085 a factor of 52133340?
True
Is 3677 a factor of 116549869?
True
Is 24 a factor of 662123808?
True
Does 1197 divide 178389190?
False
Does 1072 divide 1167595600?
True
Is 55 a factor of 9029295?
True
Is 130 a factor of 1620557822?
False
Is 136 a factor of 91505844?
False
Is 30 a factor of 33118380?
True
Is 242 a factor of 1080749010?
True
Is 1247244960 a multiple of 6240?
True
Is 15563580 a multiple of 20?
True
Is 958307900 a multiple of 14036?
True
Is 1448 a factor of 183881520?
True
Does 1009 divide 45170281?
False
Is 5989824 a multiple of 32?
True
Is 40717811 a multiple of 65?
False
Is 122380440 a multiple of 104?
True
Is 125 a factor of 18549375?
True
Is 100101540 a multiple of 658?
True
Is 11793675 a multiple of 201?
True
Does 72 divide 3431233?
False
Is 233698479 a multiple of 16?
False
Does 24 divide 65969568?
True
Does 572 divide 1063822188?
True
Is 32394239 a multiple of 4474?
False
Is 6062699 a multiple of 712?
False
Does 440 divide 290445698?
False
Does 42 divide 182846115?
False
Does 265 divide 67329073?
False
Is 2139 a factor of 1660565592?
True
Is 22 a factor of 728863070?
False
Is 644 a factor of 15772848?
True
Does 22 divide 15664629?
False
Does 18 divide 96210234?
True
Is 262932778 a multiple of 7?
False
Is 276 a factor of 544170983?
False
Is 4 a factor of 217981646?
False
Is 91 a factor of 70576870?
True
Is 411 a factor of 6750536493?
True
Is 1999437296 a multiple of 212?
True
Is 116 a factor of 889597388?
True
Does 22 divide 64286244?
True
Is 24979501 a multiple of 6?
False
Is 449450808 a multiple of 1212?
True
Does 14 divide 3065044?
False
Does 439 divide 8094278?
False
Is 307581706 a multiple of 2748?
False
Is 25468614 a multiple of 55?
False
Is 548 a factor of 1509980?
False
Does 2757 divide 134992308?
False
Is 395 a factor of 1165592860?
True
Is 236 a factor of 339275511?
False
Is 1831170 a multiple of 1097?
False
Is 16 a factor of 45137526?
False
Is 120 a factor of 3091429560?
True
Does 1355 divide 138735681?
False
Does 96 divide 31622253?
False
Does 3968 divide 377086976?
True
Is 43 a factor of 34340273?
True
Is 224 a factor of 13594669?
False
Is 198 a factor of 117640664?
False
Is 40466816 a multiple of 83?
True
Is 12 a factor of 39697035?
False
Is 75 a factor of 75531975?
True
Is 63989172 a multiple of 268?
False
Does 93 divide 69440217?
True
Does 12 divide 11753385?
False
Does 64 divide 120361856?
True
Does 62 divide 15062938?
False
Is 8314044 a multiple of 3?
True
Is 131 a factor of 56881772?
True
Is 33 a factor of 45621686?
False
Is 33457883 a multiple of 1966?
False
Is 25 a factor of 38041275?
True
Does 11 divide 561641268?
False
Is 1404 a factor of 279222767?
False
Is 528717 a multiple of 5?
False
Is 264 a factor of 186417264?
True
Is 1924271157 a multiple of 14?
False
Does 2 divide 82360551?
False
Is 22 a factor of 286846844?
False
Does 33 divide 11690103?
False
Is 119 a factor of 387349046?
True
Does 523 divide 60027822?
False
Does 128 divide 2568330?
False
Does 742 divide 175725634?
True
Is 530317357 a multiple of 34?
False
Is 21857185 a multiple of 176?
False
Is 113683500 a multiple of 27?
True
Is 33604362 a multiple of 999?
True
Is 4549584 a multiple of 16?
True
Does 181 divide 298539590?
True
Is 2574 a factor of 6640920?
True
Does 222 divide 767776556?
False
Does 75 divide 85687950?
True
Does 15 divide 1087262120?
False
Is 134734104 a multiple of 24?
True
Is 36 a factor of 24669216?
True
Is 122621265 a multiple of 45?
True
Is 1513 a factor of 3702709684?
False
Is 158 a factor of 21421296?
False
Is 4314 a factor of 1710635007?
False
Is 14692573 a multiple of 6?
False
Is 16834172 a multiple of 424?
False
Is 18587833 a multiple of 68?
False
Is 276 a factor of 1490234104?
False
Is 2681 a factor of 98805574?
True
Is 64543348 a multiple of 3?
False
Is 51621700 a multiple of 130?
True
Is 90689140 a multiple of 487?
True
Is 81 a factor of 86471953?
False
Is 61687096 a multiple of 1252?
False
Is 221328816 a multiple of 276?
True
Is 6530060433 a multiple of 14848?
False
Is 388 a factor of 59626046?
False
Is 774 a factor of 1039056871?
False
Does 7 divide 298646637?
False
Does 29 divide 95005796?
False
Does 2765 divide 54739804?
False
Is 43 a factor of 274743985?
True
Is 19010740 a multiple of 28?
True
Is 28 a factor of 120069404?
True
Does 1382 divide 614837980?
True
Is 5695414 a multiple of 4?
False
Does 183 divide 4320771322?
False
Is 107956880 a multiple of 40?
True
Is 142165122 a multiple of 762?
False
Is 18187672 a multiple of 2?
True
Is 36639504 a multiple of 24?
True
Is 1944 a factor of 4078512?
True
Is 17 a factor of 3212134?
False
Is 3920812652 a multiple of 6319?
False
Is 24 a factor of 257661888?
True
Does 11 divide 5429950?
False
Is 156 a factor of 919789416?
True
Is 3 a factor of 71566807?
False
Is 243005046 a multiple of 3147?
True
Does 1295 divide 8505779?
False
Is 2005 a factor of 221095360?
True
Does 81 divide 1894797666?
False
Is 37 a factor of 198074019?
False
Is 4850503596 a multiple of 699?
True
Does 38 divide 21109874?
True
Does 29 divide 100411041?
False
Does 19 divide 3176024612?
False
Does 29 divide 5701835?
True
Is 3 a factor of 41248935?
True
Does 23 divide 179210917?
True
Is 9 a factor of 32779863?
True
Is 11 a factor of 48853298?
False
Is 10 a factor of 221534460?
True
Is 468 a factor of 1007198244?
True
Is 11 a factor of 1094606224?
False
Is 30 a factor of 483826620?
True
Does 47 divide 1337365?
False
Is 24 a factor of 97228536?
True
Is 193 a factor of 4193389?
False
Is 22 a factor of 115335918?
False
Does 6 divide 930228?
True
Does 59 divide 2037178550?
True
Is 765 a factor of 3461625?
True
Is 5483028 a multiple of 6?
True
Is 343 a factor of 79820438?
False
Is 21434979 a multiple of 591?
True
Does 6 divide 10163688?
True
Is 23 a factor of 44087550?
True
Is 25133952 a multiple of 244?
True
Is 87548535 a multiple of 1305?
True
Is 27 a factor of 8787366?
True
Does 29 divide 39230620?
True
Is 6069 a factor of 224977830?
True
Does 4 divide 17212932?
True
Does 3528 divide 418152672?
True
Is 566 a factor of 40911814?
False
Does 371 divide 19392901?
False
Is 293934715 a multiple of 30?
False
Does 988 divide 49182599?
False
Is 4766930095 a multiple of 61?
True
Is 15 a factor of 65780730?
True
Is 411685193 a multiple of 2417?
True
Does 28 divide 69778688?
True
Is 64010877 a multiple of 4?
False
Does 3701 divide 575502466?
False
Does 629 divide 230541080?
True
Is 101689642 a multiple of 3814?
False
Is 4789445800 a multiple of 4797?
False
Is 399 a factor of 25135756?
False
Is 33 a factor of 42317893?
False
Is 58 a factor of 821335796?
True
Is 12872628 a multiple of 239?
False
Is 111 a factor of 119412357?
True
Does 3 divide 1481368?
False
Is 224 a factor of 1769058?
False
Does 92 divide 10414584?
True
Is 1256888294 a multiple of 1301?
True
Is 614040 a multiple of 140?
True
Is 628 a factor of 191242956?
True
Is 37 a factor of 69427557?
False
Is 43 a factor of 39648365?
True
Does 80 divide 16628720?
True
Is 476366 a multiple of 313?
False
Is 106 a factor of 182186013?
False
Does 38 divide 143952284?
True
Is 4321 a factor of 2467896597?
False
Does 248 divide 3955210640?
True
Is 57 a factor of 171383097?
True
Is 978 a factor of 47472120?
True
Is 30 a factor of 26122170?
True
Is 123401424 a multiple of 2712?
True
Is 750 a factor of 422294090?
False
Is 1563969876 a multiple of 11724?
True
Is 1318 a factor of 56864258?
False
Does 1632 divide 141969312?
True
Does 655 divide 25327673?
False
Is 2792 a factor of 1702751456?
True
Is 348 a factor of 23303437?
False
Is 107 a factor of 115516650?
False
Is 5104 a factor of 638144354?
False
Is 10 a factor of 2077354?
False
Is 119 a factor of 652620514?
True
Is 4692439 a multiple of 25?
False
Does 709 divide 2140471?
True
Is 14 a factor of 9590546?
True
Is 180 a factor of 34567120?
False
Does 98 divide 135434236?
True
Is 16909488 a multiple of